{"id":69,"date":"2019-06-15T15:56:56","date_gmt":"2019-06-15T15:56:56","guid":{"rendered":"http:\/\/ingo-panz.de\/?page_id=69"},"modified":"2019-06-16T21:47:15","modified_gmt":"2019-06-16T21:47:15","slug":"about","status":"publish","type":"page","link":"https:\/\/ingo-panz.de\/?page_id=69","title":{"rendered":"\u00dcber IP"},"content":{"rendered":"\n<p>Was steht hinter IP Apps? <\/p>\n\n\n\n<p>Das Interesse f\u00fcr ausgefallene und liebevoll programmierte Apps, die kreative Umsetzung ungew\u00f6hnlicher Ideen und Konzepte, das Erschlie\u00dfen von interessanten, anspruchsvollen Projekten. Als Apple Software-Entwickler bin ich zu fast allen Schandtaten bereit!<\/p>\n\n\n\n<p>Ihr findet die von mir entworfenen und programmierten Apps im App Store.<\/p>\n\n\n\n<p> Die Entwicklung von IOS Apps reicht mir jedoch nicht aus. Ich freue mich bereits darauf, die von mir entwickelten Apps auch bald im Play Store zu ver\u00f6ffentlichen.&nbsp;<\/p>\n\n\n\n<div class=\"wp-block-image\"><figure class=\"aligncenter is-resized\"><img loading=\"lazy\" decoding=\"async\" src=\"http:\/\/ingo-panz.de\/wp-content\/uploads\/2019\/06\/UNADJUSTEDNONRAW_thumb_2979-768x1024.jpg\" alt=\"\" class=\"wp-image-207\" width=\"384\" height=\"512\" srcset=\"https:\/\/ingo-panz.de\/wp-content\/uploads\/2019\/06\/UNADJUSTEDNONRAW_thumb_2979.jpg 768w, https:\/\/ingo-panz.de\/wp-content\/uploads\/2019\/06\/UNADJUSTEDNONRAW_thumb_2979-225x300.jpg 225w\" sizes=\"auto, (max-width: 384px) 100vw, 384px\" \/><\/figure><\/div>\n","protected":false},"excerpt":{"rendered":"<p>Was steht hinter IP Apps? Das Interesse f\u00fcr ausgefallene und liebevoll programmierte Apps, die kreative Umsetzung ungew\u00f6hnlicher Ideen und Konzepte, das Erschlie\u00dfen von interessanten, anspruchsvollen Projekten. Als Apple Software-Entwickler bin ich zu fast allen Schandtaten bereit! Ihr findet die von mir entworfenen und programmierten Apps im App Store. Die Entwicklung von IOS Apps reicht mir &hellip; <\/p>\n<p class=\"link-more\"><a href=\"https:\/\/ingo-panz.de\/?page_id=69\" class=\"more-link\"><span class=\"screen-reader-text\">\u201e\u00dcber IP\u201c <\/span>weiterlesen<\/a><\/p>\n","protected":false},"author":1,"featured_media":0,"parent":0,"menu_order":0,"comment_status":"closed","ping_status":"closed","template":"","meta":{"footnotes":""},"class_list":["post-69","page","type-page","status-publish","hentry"],"_links":{"self":[{"href":"https:\/\/ingo-panz.de\/index.php?rest_route=\/wp\/v2\/pages\/69","targetHints":{"allow":["GET"]}}],"collection":[{"href":"https:\/\/ingo-panz.de\/index.php?rest_route=\/wp\/v2\/pages"}],"about":[{"href":"https:\/\/ingo-panz.de\/index.php?rest_route=\/wp\/v2\/types\/page"}],"author":[{"embeddable":true,"href":"https:\/\/ingo-panz.de\/index.php?rest_route=\/wp\/v2\/users\/1"}],"replies":[{"embeddable":true,"href":"https:\/\/ingo-panz.de\/index.php?rest_route=%2Fwp%2Fv2%2Fcomments&post=69"}],"version-history":[{"count":10,"href":"https:\/\/ingo-panz.de\/index.php?rest_route=\/wp\/v2\/pages\/69\/revisions"}],"predecessor-version":[{"id":328,"href":"https:\/\/ingo-panz.de\/index.php?rest_route=\/wp\/v2\/pages\/69\/revisions\/328"}],"wp:attachment":[{"href":"https:\/\/ingo-panz.de\/index.php?rest_route=%2Fwp%2Fv2%2Fmedia&parent=69"}],"curies":[{"name":"wp","href":"https:\/\/api.w.org\/{rel}","templated":true}]}}