{"id":717,"date":"2025-12-16T22:27:10","date_gmt":"2025-12-16T22:27:10","guid":{"rendered":"https:\/\/ingo-panz.de\/?page_id=717"},"modified":"2025-12-19T00:16:31","modified_gmt":"2025-12-19T00:16:31","slug":"veggiepatch","status":"publish","type":"page","link":"https:\/\/ingo-panz.de\/?page_id=717","title":{"rendered":"VeggiePatch"},"content":{"rendered":"<p><b>VeggiePatch \u2013 Dein Mischkultur-Planer f\u00fcr Garten, Balkon und Hochbeet<\/b><b><\/b><\/p>\n<p>Entdecke die Tradition der Mischkultur \u2013 eine jahrhundertealte, bew\u00e4hrte Anbaumethode f\u00fcr einen gesunden, nat\u00fcrlichen und nachhaltigen Garten.<\/p>\n<p><b>Was VeggiePatch bietet<\/b><b><\/b><\/p>\n<p>\u2022<b>Keine Abo-App:<\/b> Du zahlst einmal und nutzt alle Funktionen dauerhaft.<\/p>\n<p>\u2022\u00dcbersicht \u00fcber <b>gute, neutrale und schlechte Pflanznachbarn<\/b> f\u00fcr Gem\u00fcse, Kr\u00e4uter und Beeren<\/p>\n<p>\u2022Hilfreiche Tipps zur Kombination von Pflanzenarten f\u00fcr einen gesunden, vielf\u00e4ltigen Garten<\/p>\n<p>\u2022Geeignet f\u00fcr <b>Gartenbeete, Hochbeete, Balkonk\u00fcbel<\/b> \u2013 und grunds\u00e4tzlich alle Anbauformen, bei denen mehr als eine Pflanze Platz hat<\/p>\n<p>\u2022<b>Laufend erweiterte und aktualisierte Pflanzdatenbank<\/b> auf Basis g\u00e4rtnerischer Fachquellen und Erfahrung<\/p>\n<p>\u2022Anzeige gebr\u00e4uchlicher und <b>botanischer Namen<\/b><b><\/b><\/p>\n<p><b>Warum Mischkultur?<\/b><b><\/b><\/p>\n<p>Mischkultur beruht auf dem gezielten Zusammenspiel verschiedener Pflanzenarten. Diese nat\u00fcrlichen Wechselwirkungen k\u00f6nnen N\u00e4hrstoffkreisl\u00e4ufe im Boden verbessern, Sch\u00e4dlinge abwehren, das Pflanzenwachstum f\u00f6rdern und das Bodenleben aktiv unterst\u00fctzen.<\/p>\n<p>Einige Pflanzen \u2013 wie z. B. Bohnen \u2013 reichern Stickstoff im Boden an, wovon andere, zehrende Pflanzen profitieren. Flach- und Tiefwurzler greifen auf unterschiedliche Bodenschichten zu und stehen sich nicht im Weg. Kr\u00e4uter k\u00f6nnen mit ihren \u00e4therischen \u00d6len unerw\u00fcnschte Insekten fernhalten oder mit ihrem Duft n\u00fctzliche Best\u00e4uber anlocken.<\/p>\n<p>Die Vielfalt an Pflanzen sorgt au\u00dferdem daf\u00fcr, dass keine einseitige Auslaugung des Bodens entsteht, wie es in Monokulturen oft der Fall ist. Brachzeiten lassen sich reduzieren oder ganz vermeiden. Das Ergebnis ist ein widerstandsf\u00e4higer, ausgewogener Garten mit langfristig stabilen Ertr\u00e4gen \u2013 ganz ohne synthetische Hilfsmittel.<\/p>\n<p><b>Wissenschaftlich fundiert und praxisnah<\/b><b><\/b><\/p>\n<p>Die Empfehlungen in VeggiePatch basieren auf bew\u00e4hrten Quellen aus g\u00e4rtnerischer Fachliteratur, permakulturellen Ans\u00e4tzen, Lehrmaterialien aus dem biologischen Landbaus sowie Erfahrungswerten langj\u00e4hriger G\u00e4rtnerinnen und G\u00e4rtner. Dabei wird bewusst auf einfache und praxisnahe Umsetzbarkeit geachtet \u2013 egal ob du gerade erst anf\u00e4ngst oder schon l\u00e4nger anbaust.<\/p>\n<p><b>Hinweis zu Aussaat- und Pflanzzeiten<\/b><b><\/b><\/p>\n<p>Alle Zeitangaben in VeggiePatch orientieren sich am gem\u00e4\u00dfigten Klima Mitteleuropas (z. B. Deutschland, \u00d6sterreich, Schweiz, Benelux). In anderen Klimazonen, H\u00f6henlagen oder Regionen k\u00f6nnen sich die idealen Zeitfenster deutlich verschieben. Bitte passe deine Planung an die \u00f6rtlichen Gegebenheiten an.<\/p>\n<p><b>Dein Garten w\u00e4chst mit \u2013 und VeggiePatch w\u00e4chst mit dir<\/b><b><\/b><\/p>\n<p>Die Pflanzdatenbank wird regelm\u00e4\u00dfig erweitert und aktualisiert, um neue Arten, Sorten und Kombinationen aufzunehmen. Dabei legen wir Wert auf Qualit\u00e4t, praktische Relevanz und Vielfalt \u2013 vom klassischen Gem\u00fcse bis zu weniger bekannten Kr\u00e4utern und Beerenarten.<\/p>\n<p><b>Dein Feedback ist willkommen<\/b><b><\/b><\/p>\n<p>VeggiePatch lebt von Erfahrungsaustausch und echter Gartenpraxis. Du vermisst eine bestimmte Pflanze oder Kombination? Du hast Erg\u00e4nzungen oder Anregungen zu vorhandenen Eintr\u00e4gen? Wir freuen uns \u00fcber jede R\u00fcckmeldung \u2013 direkt per E-Mail \u00fcber die App. Gemeinsam machen wir VeggiePatch noch hilfreicher \u2013 von Mischkulturfreund zu Mischkulturfreund.<\/p>\n<p><img loading=\"lazy\" decoding=\"async\" class=\"alignnone size-medium wp-image-706\" src=\"https:\/\/ingo-panz.de\/wp-content\/uploads\/2025\/12\/Simulator-Screenshot-iPad-Pro-13-inch-M5-2025-12-15-at-01.19.20-300x225.png\" alt=\"\" width=\"300\" height=\"225\" srcset=\"https:\/\/ingo-panz.de\/wp-content\/uploads\/2025\/12\/Simulator-Screenshot-iPad-Pro-13-inch-M5-2025-12-15-at-01.19.20-300x225.png 300w, https:\/\/ingo-panz.de\/wp-content\/uploads\/2025\/12\/Simulator-Screenshot-iPad-Pro-13-inch-M5-2025-12-15-at-01.19.20-1024x768.png 1024w, https:\/\/ingo-panz.de\/wp-content\/uploads\/2025\/12\/Simulator-Screenshot-iPad-Pro-13-inch-M5-2025-12-15-at-01.19.20-768x576.png 768w, https:\/\/ingo-panz.de\/wp-content\/uploads\/2025\/12\/Simulator-Screenshot-iPad-Pro-13-inch-M5-2025-12-15-at-01.19.20-1536x1152.png 1536w, https:\/\/ingo-panz.de\/wp-content\/uploads\/2025\/12\/Simulator-Screenshot-iPad-Pro-13-inch-M5-2025-12-15-at-01.19.20-2048x1536.png 2048w\" sizes=\"auto, (max-width: 300px) 100vw, 300px\" \/><\/p>\n<p><img loading=\"lazy\" decoding=\"async\" class=\"alignnone size-medium wp-image-707\" src=\"https:\/\/ingo-panz.de\/wp-content\/uploads\/2025\/12\/Simulator-Screenshot-iPad-Pro-13-inch-M5-2025-12-15-at-01.19.23-300x225.png\" alt=\"\" width=\"300\" height=\"225\" srcset=\"https:\/\/ingo-panz.de\/wp-content\/uploads\/2025\/12\/Simulator-Screenshot-iPad-Pro-13-inch-M5-2025-12-15-at-01.19.23-300x225.png 300w, https:\/\/ingo-panz.de\/wp-content\/uploads\/2025\/12\/Simulator-Screenshot-iPad-Pro-13-inch-M5-2025-12-15-at-01.19.23-1024x768.png 1024w, https:\/\/ingo-panz.de\/wp-content\/uploads\/2025\/12\/Simulator-Screenshot-iPad-Pro-13-inch-M5-2025-12-15-at-01.19.23-768x576.png 768w, https:\/\/ingo-panz.de\/wp-content\/uploads\/2025\/12\/Simulator-Screenshot-iPad-Pro-13-inch-M5-2025-12-15-at-01.19.23-1536x1152.png 1536w, https:\/\/ingo-panz.de\/wp-content\/uploads\/2025\/12\/Simulator-Screenshot-iPad-Pro-13-inch-M5-2025-12-15-at-01.19.23-2048x1536.png 2048w\" sizes=\"auto, (max-width: 300px) 100vw, 300px\" \/><\/p>\n<p><img loading=\"lazy\" decoding=\"async\" class=\"alignnone size-medium wp-image-708\" src=\"https:\/\/ingo-panz.de\/wp-content\/uploads\/2025\/12\/Simulator-Screenshot-iPad-Pro-13-inch-M5-2025-12-15-at-01.19.29-300x225.png\" alt=\"\" width=\"300\" height=\"225\" srcset=\"https:\/\/ingo-panz.de\/wp-content\/uploads\/2025\/12\/Simulator-Screenshot-iPad-Pro-13-inch-M5-2025-12-15-at-01.19.29-300x225.png 300w, https:\/\/ingo-panz.de\/wp-content\/uploads\/2025\/12\/Simulator-Screenshot-iPad-Pro-13-inch-M5-2025-12-15-at-01.19.29-1024x768.png 1024w, https:\/\/ingo-panz.de\/wp-content\/uploads\/2025\/12\/Simulator-Screenshot-iPad-Pro-13-inch-M5-2025-12-15-at-01.19.29-768x576.png 768w, https:\/\/ingo-panz.de\/wp-content\/uploads\/2025\/12\/Simulator-Screenshot-iPad-Pro-13-inch-M5-2025-12-15-at-01.19.29-1536x1152.png 1536w, https:\/\/ingo-panz.de\/wp-content\/uploads\/2025\/12\/Simulator-Screenshot-iPad-Pro-13-inch-M5-2025-12-15-at-01.19.29-2048x1536.png 2048w\" sizes=\"auto, (max-width: 300px) 100vw, 300px\" \/><\/p>\n<p><img loading=\"lazy\" decoding=\"async\" class=\"alignnone size-medium wp-image-709\" src=\"https:\/\/ingo-panz.de\/wp-content\/uploads\/2025\/12\/Simulator-Screenshot-iPad-Pro-13-inch-M5-2025-12-15-at-01.19.32-300x225.png\" alt=\"\" width=\"300\" height=\"225\" srcset=\"https:\/\/ingo-panz.de\/wp-content\/uploads\/2025\/12\/Simulator-Screenshot-iPad-Pro-13-inch-M5-2025-12-15-at-01.19.32-300x225.png 300w, https:\/\/ingo-panz.de\/wp-content\/uploads\/2025\/12\/Simulator-Screenshot-iPad-Pro-13-inch-M5-2025-12-15-at-01.19.32-1024x768.png 1024w, https:\/\/ingo-panz.de\/wp-content\/uploads\/2025\/12\/Simulator-Screenshot-iPad-Pro-13-inch-M5-2025-12-15-at-01.19.32-768x576.png 768w, https:\/\/ingo-panz.de\/wp-content\/uploads\/2025\/12\/Simulator-Screenshot-iPad-Pro-13-inch-M5-2025-12-15-at-01.19.32-1536x1152.png 1536w, https:\/\/ingo-panz.de\/wp-content\/uploads\/2025\/12\/Simulator-Screenshot-iPad-Pro-13-inch-M5-2025-12-15-at-01.19.32-2048x1536.png 2048w\" sizes=\"auto, (max-width: 300px) 100vw, 300px\" \/><\/p>\n<p><img loading=\"lazy\" decoding=\"async\" class=\"alignnone size-medium wp-image-710\" src=\"https:\/\/ingo-panz.de\/wp-content\/uploads\/2025\/12\/Simulator-Screenshot-iPad-Pro-13-inch-M5-2025-12-15-at-01.19.35-300x225.png\" alt=\"\" width=\"300\" height=\"225\" srcset=\"https:\/\/ingo-panz.de\/wp-content\/uploads\/2025\/12\/Simulator-Screenshot-iPad-Pro-13-inch-M5-2025-12-15-at-01.19.35-300x225.png 300w, https:\/\/ingo-panz.de\/wp-content\/uploads\/2025\/12\/Simulator-Screenshot-iPad-Pro-13-inch-M5-2025-12-15-at-01.19.35-1024x768.png 1024w, https:\/\/ingo-panz.de\/wp-content\/uploads\/2025\/12\/Simulator-Screenshot-iPad-Pro-13-inch-M5-2025-12-15-at-01.19.35-768x576.png 768w, https:\/\/ingo-panz.de\/wp-content\/uploads\/2025\/12\/Simulator-Screenshot-iPad-Pro-13-inch-M5-2025-12-15-at-01.19.35-1536x1152.png 1536w, https:\/\/ingo-panz.de\/wp-content\/uploads\/2025\/12\/Simulator-Screenshot-iPad-Pro-13-inch-M5-2025-12-15-at-01.19.35-2048x1536.png 2048w\" sizes=\"auto, (max-width: 300px) 100vw, 300px\" \/><\/p>\n<p><img loading=\"lazy\" decoding=\"async\" class=\"alignnone size-medium wp-image-711\" src=\"https:\/\/ingo-panz.de\/wp-content\/uploads\/2025\/12\/Simulator-Screenshot-iPad-Pro-13-inch-M5-2025-12-15-at-01.19.38-300x225.png\" alt=\"\" width=\"300\" height=\"225\" srcset=\"https:\/\/ingo-panz.de\/wp-content\/uploads\/2025\/12\/Simulator-Screenshot-iPad-Pro-13-inch-M5-2025-12-15-at-01.19.38-300x225.png 300w, https:\/\/ingo-panz.de\/wp-content\/uploads\/2025\/12\/Simulator-Screenshot-iPad-Pro-13-inch-M5-2025-12-15-at-01.19.38-1024x768.png 1024w, https:\/\/ingo-panz.de\/wp-content\/uploads\/2025\/12\/Simulator-Screenshot-iPad-Pro-13-inch-M5-2025-12-15-at-01.19.38-768x576.png 768w, https:\/\/ingo-panz.de\/wp-content\/uploads\/2025\/12\/Simulator-Screenshot-iPad-Pro-13-inch-M5-2025-12-15-at-01.19.38-1536x1152.png 1536w, https:\/\/ingo-panz.de\/wp-content\/uploads\/2025\/12\/Simulator-Screenshot-iPad-Pro-13-inch-M5-2025-12-15-at-01.19.38-2048x1536.png 2048w\" sizes=\"auto, (max-width: 300px) 100vw, 300px\" \/><\/p>\n<p><img loading=\"lazy\" decoding=\"async\" class=\"alignnone size-medium wp-image-712\" src=\"https:\/\/ingo-panz.de\/wp-content\/uploads\/2025\/12\/Simulator-Screenshot-iPad-Pro-13-inch-M5-2025-12-15-at-01.20.23-300x225.png\" alt=\"\" width=\"300\" height=\"225\" srcset=\"https:\/\/ingo-panz.de\/wp-content\/uploads\/2025\/12\/Simulator-Screenshot-iPad-Pro-13-inch-M5-2025-12-15-at-01.20.23-300x225.png 300w, https:\/\/ingo-panz.de\/wp-content\/uploads\/2025\/12\/Simulator-Screenshot-iPad-Pro-13-inch-M5-2025-12-15-at-01.20.23-1024x768.png 1024w, https:\/\/ingo-panz.de\/wp-content\/uploads\/2025\/12\/Simulator-Screenshot-iPad-Pro-13-inch-M5-2025-12-15-at-01.20.23-768x576.png 768w, https:\/\/ingo-panz.de\/wp-content\/uploads\/2025\/12\/Simulator-Screenshot-iPad-Pro-13-inch-M5-2025-12-15-at-01.20.23-1536x1152.png 1536w, https:\/\/ingo-panz.de\/wp-content\/uploads\/2025\/12\/Simulator-Screenshot-iPad-Pro-13-inch-M5-2025-12-15-at-01.20.23-2048x1536.png 2048w\" sizes=\"auto, (max-width: 300px) 100vw, 300px\" \/><\/p>\n<p><img loading=\"lazy\" decoding=\"async\" class=\"alignnone size-medium wp-image-713\" src=\"https:\/\/ingo-panz.de\/wp-content\/uploads\/2025\/12\/Simulator-Screenshot-iPad-Pro-13-inch-M5-2025-12-15-at-01.20.27-300x225.png\" alt=\"\" width=\"300\" height=\"225\" srcset=\"https:\/\/ingo-panz.de\/wp-content\/uploads\/2025\/12\/Simulator-Screenshot-iPad-Pro-13-inch-M5-2025-12-15-at-01.20.27-300x225.png 300w, https:\/\/ingo-panz.de\/wp-content\/uploads\/2025\/12\/Simulator-Screenshot-iPad-Pro-13-inch-M5-2025-12-15-at-01.20.27-1024x768.png 1024w, https:\/\/ingo-panz.de\/wp-content\/uploads\/2025\/12\/Simulator-Screenshot-iPad-Pro-13-inch-M5-2025-12-15-at-01.20.27-768x576.png 768w, https:\/\/ingo-panz.de\/wp-content\/uploads\/2025\/12\/Simulator-Screenshot-iPad-Pro-13-inch-M5-2025-12-15-at-01.20.27-1536x1152.png 1536w, https:\/\/ingo-panz.de\/wp-content\/uploads\/2025\/12\/Simulator-Screenshot-iPad-Pro-13-inch-M5-2025-12-15-at-01.20.27-2048x1536.png 2048w\" sizes=\"auto, (max-width: 300px) 100vw, 300px\" \/><\/p>\n<p><img loading=\"lazy\" decoding=\"async\" class=\"alignnone size-medium wp-image-714\" src=\"https:\/\/ingo-panz.de\/wp-content\/uploads\/2025\/12\/Simulator-Screenshot-iPad-Pro-13-inch-M5-2025-12-15-at-01.20.30-300x225.png\" alt=\"\" width=\"300\" height=\"225\" srcset=\"https:\/\/ingo-panz.de\/wp-content\/uploads\/2025\/12\/Simulator-Screenshot-iPad-Pro-13-inch-M5-2025-12-15-at-01.20.30-300x225.png 300w, https:\/\/ingo-panz.de\/wp-content\/uploads\/2025\/12\/Simulator-Screenshot-iPad-Pro-13-inch-M5-2025-12-15-at-01.20.30-1024x768.png 1024w, https:\/\/ingo-panz.de\/wp-content\/uploads\/2025\/12\/Simulator-Screenshot-iPad-Pro-13-inch-M5-2025-12-15-at-01.20.30-768x576.png 768w, https:\/\/ingo-panz.de\/wp-content\/uploads\/2025\/12\/Simulator-Screenshot-iPad-Pro-13-inch-M5-2025-12-15-at-01.20.30-1536x1152.png 1536w, https:\/\/ingo-panz.de\/wp-content\/uploads\/2025\/12\/Simulator-Screenshot-iPad-Pro-13-inch-M5-2025-12-15-at-01.20.30-2048x1536.png 2048w\" sizes=\"auto, (max-width: 300px) 100vw, 300px\" \/><\/p>\n<p><img loading=\"lazy\" decoding=\"async\" class=\"alignnone size-medium wp-image-715\" src=\"https:\/\/ingo-panz.de\/wp-content\/uploads\/2025\/12\/Simulator-Screenshot-iPad-Pro-13-inch-M5-2025-12-15-at-01.20.33-300x225.png\" alt=\"\" width=\"300\" height=\"225\" srcset=\"https:\/\/ingo-panz.de\/wp-content\/uploads\/2025\/12\/Simulator-Screenshot-iPad-Pro-13-inch-M5-2025-12-15-at-01.20.33-300x225.png 300w, https:\/\/ingo-panz.de\/wp-content\/uploads\/2025\/12\/Simulator-Screenshot-iPad-Pro-13-inch-M5-2025-12-15-at-01.20.33-1024x768.png 1024w, https:\/\/ingo-panz.de\/wp-content\/uploads\/2025\/12\/Simulator-Screenshot-iPad-Pro-13-inch-M5-2025-12-15-at-01.20.33-768x576.png 768w, https:\/\/ingo-panz.de\/wp-content\/uploads\/2025\/12\/Simulator-Screenshot-iPad-Pro-13-inch-M5-2025-12-15-at-01.20.33-1536x1152.png 1536w, https:\/\/ingo-panz.de\/wp-content\/uploads\/2025\/12\/Simulator-Screenshot-iPad-Pro-13-inch-M5-2025-12-15-at-01.20.33-2048x1536.png 2048w\" sizes=\"auto, (max-width: 300px) 100vw, 300px\" \/><\/p>\n<p><a style=\"display: inline-block; overflow: hidden; border-top-left-radius: 13px; border-top-right-radius: 8.67px; border-bottom-right-radius: 8.67px; border-bottom-left-radius: 8.67px; width: 166.67px; height: 55.34px;\" href=\"https:\/\/apps.apple.com\/de\/app\/veggiepatch\/id6746348466?itscg=30200&amp;itsct=apps_box_link&amp;mttnsubad=6746348466\"><img loading=\"lazy\" decoding=\"async\" class=\"alignnone\" style=\"border-top-left-radius: 8.67px; border-top-right-radius: 8.67px; border-bottom-right-radius: 8.67px; border-bottom-left-radius: 8.67px; width: 166.67px; height: 55.34px;\" src=\"https:\/\/tools.applemediaservices.com\/api\/badges\/download-on-the-app-store\/black\/en-us?size=250x83&amp;releaseDate=1577404800&amp;h=1018cd32b5fad0074b6629e16153b1d1\" alt=\"Download on the App Store\" width=\"166\" height=\"55\" \/><\/a><\/p>\n<p>&nbsp;<\/p>\n","protected":false},"excerpt":{"rendered":"<p>VeggiePatch \u2013 Dein Mischkultur-Planer f\u00fcr Garten, Balkon und Hochbeet Entdecke die Tradition der Mischkultur \u2013 eine jahrhundertealte, bew\u00e4hrte Anbaumethode f\u00fcr einen gesunden, nat\u00fcrlichen und nachhaltigen Garten. Was VeggiePatch bietet \u2022Keine Abo-App: Du zahlst einmal und nutzt alle Funktionen dauerhaft. \u2022\u00dcbersicht \u00fcber gute, neutrale und schlechte Pflanznachbarn f\u00fcr Gem\u00fcse, Kr\u00e4uter und Beeren \u2022Hilfreiche Tipps zur Kombination &hellip; <\/p>\n<p class=\"link-more\"><a href=\"https:\/\/ingo-panz.de\/?page_id=717\" class=\"more-link\"><span class=\"screen-reader-text\">\u201eVeggiePatch\u201c <\/span>weiterlesen<\/a><\/p>\n","protected":false},"author":1,"featured_media":737,"parent":0,"menu_order":0,"comment_status":"closed","ping_status":"closed","template":"","meta":{"footnotes":""},"class_list":["post-717","page","type-page","status-publish","has-post-thumbnail","hentry"],"_links":{"self":[{"href":"https:\/\/ingo-panz.de\/index.php?rest_route=\/wp\/v2\/pages\/717","targetHints":{"allow":["GET"]}}],"collection":[{"href":"https:\/\/ingo-panz.de\/index.php?rest_route=\/wp\/v2\/pages"}],"about":[{"href":"https:\/\/ingo-panz.de\/index.php?rest_route=\/wp\/v2\/types\/page"}],"author":[{"embeddable":true,"href":"https:\/\/ingo-panz.de\/index.php?rest_route=\/wp\/v2\/users\/1"}],"replies":[{"embeddable":true,"href":"https:\/\/ingo-panz.de\/index.php?rest_route=%2Fwp%2Fv2%2Fcomments&post=717"}],"version-history":[{"count":3,"href":"https:\/\/ingo-panz.de\/index.php?rest_route=\/wp\/v2\/pages\/717\/revisions"}],"predecessor-version":[{"id":767,"href":"https:\/\/ingo-panz.de\/index.php?rest_route=\/wp\/v2\/pages\/717\/revisions\/767"}],"wp:featuredmedia":[{"embeddable":true,"href":"https:\/\/ingo-panz.de\/index.php?rest_route=\/wp\/v2\/media\/737"}],"wp:attachment":[{"href":"https:\/\/ingo-panz.de\/index.php?rest_route=%2Fwp%2Fv2%2Fmedia&parent=717"}],"curies":[{"name":"wp","href":"https:\/\/api.w.org\/{rel}","templated":true}]}}